t q(v) = v**3 - 2*v**2 + v + 2. Let o be 2/(-4) + 33/(-6). Let i = -13 - o. Let u(g) = -g - 5. Let d be u(i). Give q(d).
4
Let k(h) = -7*h. Let q(x) = -x + 7. Let t be q(8). Let l be k(t). Let o(r) = -r**2 + 11*r - 10. What is o(l)?
18
Let c be -4 + 20/4 + 1. Suppose 0 = -6*m + 4*m - c. Let s(r) = 4*r + 1. Calculate s(m).
-3
Let u(d) = -158*d + 320*d - 159*d + 1. Give u(6).
19
Let v(i) = -i**3 + 7*i**2 - i**2 + 9 - 567*i + 570*i. Determine v(7).
-19
Let r = -28 + 37. Let g(u) = u**3 - 4*u - 7 + r*u - u**2 - 4*u. Determine g(0).
-7
Let y(c) = -3*c - 5. Let g = -238 + 233. Determine y(g).
10
Let k(u) = -9*u - 157. Let w be k(-17). Let r(c) = 3 - 2 - 4*c - c - c**2. What is r(w)?
5
Let j(o) be the third derivative of o**6/120 - 7*o**5/60 + o**4/24 + 7*o**3/6 + 163*o**2. Determine j(7).
14
Let y(i) = i**2 + 12. Let w(u) = -4*u - 104. Let h be w(-26). Calculate y(h).
12
Let m be (-1)/(0 - 1) + 3. Suppose 11 = 4*p + 3*j - 12, m*j - 22 = -p. Let q(k) be the second derivative of -k**3/2 + k**2 + 81*k + 1. Give q(p).
-4
Let i = -5 + 7. Let o(r) = 3*r**2 - r + 1. What is o(i)?
11
Let d(o) be the first derivative of -o**2 - 6*o + 35. Let z = -3 - -4. Let p be (3 - -1)/z*-1. What is d(p)?
2
Let m = -944 - -952. Let p(y) = y**2 - 9*y + 20. Determine p(m).
12
Let s(f) = f**2 - 5*f - 2. Let k(r) = -r**3 + r**2 + 5*r + 2. Let x = 62 - 64. Let g be k(x). Calculate s(g).
-6
Let k(o) = 32 + o**2 + 2*o**3 - 2*o - 3*o**3 - 36. Let g be k(0). Let y(d) = 5*d + 5. Calculate y(g).
-15
Suppose -2*q + 5*b = 40, 4*q + 0*q = -2*b - 56. Let o(z) = -z**3 - 14*z**2 + 14*z - 16. Determine o(q).
-1
Let y(f) be the third derivative of f**6/120 + f**5/60 - 23*f**3/6 - 43*f**2 - f. Determine y(0).
-23
Let w(o) = 4*o**3 - 10*o**3 - 7*o**3. Suppose 3*m - 3*s = -12, 4*m - 5*s + 20 = -1. Calculate w(m).
-13
Let h be (2 - 3)*(2 + -2). Let m(u) = 4*u - 1 - 5*u + h*u. Let r be (-1 + 2)*-8 - -3. Give m(r).
4
Let a be ((-2)/2)/(1/5). Let u(z) = 5*z**2 - 21*z + 9. Let r(f) = 2*f**2 - 7*f + 4. Let g(q) = -8*r(q) + 3*u(q). What is g(a)?
5
Let a = 3 - 1. Let z = 12 - 2. Let p(x) = 5*x - 9 - z + 20. Determine p(a).
11
Let v(m) be the first derivative of m**2 + 12*m + 11. Let u(t) be the first derivative of t**2/2 + 6*t + 2. Let n(f) = -5*u(f) + 3*v(f). Calculate n(5).
11
Let d(z) be the first derivative of 18 + 2*z - 1/2*z**2. Determine d(-2).
4
Suppose -2*x - 4*s - 19 = x, 2*s + 3 = 5*x. Let q(z) = -30*z - 1. Let b(p) = 2*p. Let k(f) = 5*b(f) + q(f). Determine k(x).
19
Let v(m) = 7*m**2 + 1 + 870*m - 13 - 851*m - m**3. What is v(9)?
-3
Suppose -4*o = 4*w - 12 - 0, 4*w - 7 = -3*o. Suppose 4*g = -5*d + 32, -o*g = -0*g + 4*d - 31. Let x(m) = -10*m**2 + g*m**2 + 2*m**2 + 4*m**2 + m**3. Give x(1).
0
Let l = -71 + 94. Let y(o) = -5*o**2 - l*o**3 + 3*o + 22*o**3 - 4 - 2*o**2 + 5*o. Calculate y(-8).
-4
Let y(l) be the first derivative of -3*l**2 - 15*l - 98. Give y(-8).
33
Suppose 5*v = -5*r + 45, -3*v - v + 5*r = 0. Suppose z + 0*z = v. Let b(a) = 43*a**2 + 1 + 6*a - 2*a - 49*a**2 + a**3. What is b(z)?
-4
Let c be (17/(-5))/(1/(-5)). Let m(t) = 31 - 14 - c + 2*t. Determine m(6).
12
Let p(h) = -28*h**3 - 2*h**2 - 2*h - 1. Suppose -33*k + 2 = -35*k. Calculate p(k).
27
Let d(y) be the first derivative of 14*y**3/3 - y**2/2 - 6. Let r(n) = n**2 + 9*n - 51. Let j be r(-13). Give d(j).
13
Let p(a) = -2*a**3 - a**2 + 1. Suppose -8*q + 3*q = -5*k - 5, -4*q - k = 6. Calculate p(q).
2
Let p be (-162)/(-30) - (-6)/10. Let w = p - 12. Let x(y) = y**2 + 6*y + 7. Calculate x(w).
7
Let g(l) = -l**3 + 10*l - 129 - 128 + 382 + 5*l**2 - 132. Calculate g(6).
17
Let l(m) = -m - 7. Let v(x) = -x - 8. Let w(b) = 4. Let n(h) = 2*v(h) + 5*w(h). Let r be n(-1). Determine l(r).
-13
Let c(v) = -2*v**3 - 21*v**2 - 8*v - 7. Let p = -21 + 12. Let z(y) = 8*y**2 - 3 + 3*y - y**3 - 7*y - 18*y**2 + 0. Let q(j) = p*z(j) + 4*c(j). Give q(-5).
4
Let d(j) = -12*j - 25. Let o(b) = -7*b - 13. Let i(u) = 3*d(u) - 5*o(u). Suppose -5*h + 11 = -r, -r = -2*h + 3*r - 10. Suppose -y - 3 = h. Give i(y).
-4
Let m(t) be the third derivative of -t**6/120 - t**5/12 + t**4/24 + 5*t**3/6 - 11*t**2 - 1. What is m(-4)?
-15
Suppose -5*m + 321 = 301. Let a(c) = -c + 9. What is a(m)?
5
Let l(h) be the second derivative of h**4/12 + h**3/2 - h**2 - 6*h - 6. Calculate l(1).
2
Suppose 3*n - 17 = 19. Let c = -11 + n. Let r be 3 - c - (-7 + 10). Let i(j) = 6*j. What is i(r)?
-6
Let a(l) = 52*l + 6 - 18*l - l**2 - 22*l - 14*l. What is a(5)?
-29
Suppose 2*l + 2 = -3*j + 29, -3*j - 3*l = -30. Let t(y) = -j*y - 14 - 12 + 4*y**2 + 21 + y**3. What is t(-5)?
5
Let g(d) = d**2 - 8*d - 17. Let r be g(7). Let o be 20/r*-1*6. Let u = o - 8. Let f(z) = 2*z - 3. Give f(u).
-9
Suppose -5*h + 2*p = -0*p - 13, 3*h - 5 = 4*p. Let s(z) = -z + 3*z - 2*z + h*z. Calculate s(-1).
-3
Let j(i) be the third derivative of -i**5/20 + i**4/12 - 2*i**3/3 + 451*i**2. What is j(4)?
-44
Let z(w) = -7*w**2 + 4*w + 3. Let d(x) = -7*x - 79. Let i be d(-11). What is z(i)?
-33
Let b = -3 + -2. Let z(x) be the second derivative of -x**6/360 - x**5/15 - x**4/12 + 5*x**3/6 - 13*x. Let h(s) be the second derivative of z(s). Give h(b).
13
Suppose -3*w + 4*s + 16 = 3, -5*w + 4*s = -27. Let p(v) = -w + v**2 - 2*v**2 + 0*v**2. Suppose -4*j = 2*j + 8*j. Calculate p(j).
-7
Suppose 5*h + 26 = 1. Let i(k) be the third derivative of -1/12*k**4 + 0*k + 17*k**2 - 5/6*k**3 + 0. What is i(h)?
5
Suppose -3*c - 2*q = -7, -2*q - 1 + 14 = 5*c. Let l(g) = -21*g + 10*g + 13*g. Determine l(c).
6
Let b(t) = -161 - 2*t**2 + 160 - 5*t**2. Let h = -13 + 16. Suppose n - l + h = 0, 2*n + 3 = 5*l - 9. Determine b(n).
-8
Let g(m) = -m**2 + 6*m - 6. Suppose 4*r + 25 + 41 = 2*b, -170 = -5*b + 5*r. Suppose 3*n - 5*u - b = -2*n, 3*u + 9 = 0. Determine g(n).
2
Let l(v) = 20*v**3 - 29*v**2 + 22*v - 18. Let k(c) = -7*c**3 + 10*c**2 - 8*c + 6. Let z(h) = 17*k(h) + 6*l(h). What is z(5)?
-1
Let g = 729 + -732. Let p(x) = -2*x + 1. Calculate p(g).
7
Let k be (-10)/(-165)*3*11. Let c(j) = -30*j - 2. What is c(k)?
-62
Let z(o) = -4*o + 3. Let t(k) = -k + 7. Let w(q) = -2*q + 15. Let u(d) = -13*t(d) + 6*w(d). Let x(a) = -3*u(a) - z(a). Determine x(7).
7
Let m = 3 + 4. Let o(i) = i**3 - 2*i**2 + i - 1. Let z(q) = 5*q**3 - 16*q**2 + 11*q - 4. Let x(p) = 4*o(p) - z(p). Calculate x(m).
0
Let u(o) be the third derivative of o**6/120 + 11*o**5/60 + 11*o**4/24 + 5*o**3/6 + 292*o**2. Determine u(-10).
-5
Suppose -20 = -5*f + 2*v, -5*f + 6 = -3*v - 19. Suppose -4*l = f*l + 18. Let y(g) = g**3 + 3*g**2 + g - 1. Give y(l).
-4
Let l(n) = n**2 - 13*n + 12. Let s be l(12). Let k(y) = -2*y + 14. What is k(s)?
14
Let d be (-4)/6*(-30)/20. Let l(g) = 4*g**3 - 3*g - 2*g + 5*g**2 - 5*g**3 + 6 - d. Calculate l(4).
1
Let k(d) = -13*d**2 + 5*d**2 + 50*d**3 - 7*d - 51*d**3 - 1. Determine k(-7).
-1
Let a(r) = 1994*r - 3962*r + 1967*r. Suppose h + 3 + 7 = 2*v, -3*h - 2 = v. Give a(v).
-4
Let s(q) = 4*q**2 - 2. Let n(c) = c**2 - c + 5. Let u(w) = w**2 - w + 4. Let p(d) = 5*n(d) - 6*u(d). Let t(i) = -p(i) - s(i). Give t(1).
-3
Let g(m) = 4*m + 25. Let t(x) = -5*x - 29. Let f(r) = -6*g(r) - 5*t(r). What is f(-5)?
-10
Let k = -43 - -38. Let z(q) = q**3 + 5*q**2 - 3*q. Calculate z(k).
15
Let q = -47 - -48. Let c(o) = -10*o**3 - 2*o**2 + o - 4. Let s(w) = 19*w**3 + 4*w**2 - 2*w + 7. Let b(j) = -7*c(j) - 4*s(j). Calculate b(q).
-7
Suppose 8 = 4*p - 2*p. Suppose 3*k - 3*q + 24 = 0, p*k + 6 = 3*q - 24. Let c(a) = 6 + 0*a**3 + 2*a**2 - a**3 - 78*a + 83*a - 7*a**2. Give c(k).
12
Let x(q) = -12*q - 38*q + 101*q - 43*q + 7. Determine x(-4).
-25
Let d(x) = -x**2 - 4*x + 2. Let v be (75/10)/(3/6). Let z = 19 - v. Let w be z/6 + 51/(-9). Give d(w).
-3
Let g(d) be the first derivative of 1/3*d**3 + 17 + 3*d**2 - d. Calculate g(-7).
6
Let b(h) be the first derivative of 5*h**2 + 1/3*h**3 + 10*h - 20. Determine b(-9).
1
Suppose 0*f = 4*f - 72. Suppose f*c = 15*c + 6. Suppose -c*m = -8 - 2. Let g(u) = -u**3 + 5*u**2 + 2*u - 6. Give g(m).
4
Suppose -2*h = -2*o - 4*h + 148, -4*o = -h - 296. Let i(g) = -o*g**2 + 9*g**3 + g + 74*g**2 - 1. What is i(1)?
9
Let g(y) = -3*y**3 - y**2 + y - 6. Let v be g(3). Let c = -87 - v. Let b(t) = t**2 - 7*t - 3. Give b(c).
-9
Suppose -5*z = b + 22, -2*z - b + 0*b - 7 = 0. Let n(y) = 9 - 6*y - 4*y**3 - 2*y**3 + 7*y**3 - 7 + 4*y**2 + y. Give n(z).
2
Let 